{"id":1589,"date":"2018-05-22T12:25:14","date_gmt":"2018-05-22T10:25:14","guid":{"rendered":"http:\/\/www.campingadria.com\/misano-world-circuit\/"},"modified":"2019-01-27T15:32:26","modified_gmt":"2019-01-27T14:32:26","slug":"misano-world-circuit","status":"publish","type":"page","link":"https:\/\/www.campingadria.com\/fr\/misano-world-circuit\/","title":{"rendered":"\u00cates-vous un motard ? Venez \u00e0  Riccione"},"content":{"rendered":"<h2>Nous sommes \u00e0 proximit\u00e9 du Misano World circuit !<\/h2>\n<p><strong>Vous entendez le rugissement des moteurs, vous \u00eates en Romagne !<\/strong><br \/>\nEn Romagne nous disons <em>\u00ab\u00a0tla terra di mutor \u00ab\u00a0<\/em>, la terre des moteurs. De nombreux champions sont n\u00e9s dans notre r\u00e9gion: Marco Simoncelli, Valentino Rossi, Capirossi, Dovizioso, Melandri, pour n&rsquo;en nommer que quelques-uns. C&rsquo;est la terre de la <strong>Ducati et le grand prix de Saint-Marin et la Riviera de Rimini<\/strong>.<br \/>\nSi vous aimez rouler en moto et que vous aimez la course \u00e0 haute vitesse, sachez que <strong>nous sommes \u00e0 quelques kilom\u00e8tres du Misano World Circuit<\/strong> en m\u00e9moire \u00e0 Marco Simoncelli, o\u00f9 Moto GP, Superbike, Ducati Rally et Super Track, sont quelques-unes des raisons de choisir de venir \u00e0 Riccione. Oui, car en plus des nombreux \u00e9v\u00e8nements du circuit de Misano, \u00e0 moto, et pas loin de Riccione vous pourrez d\u00e9couvrir des endroits fascinants.<\/p>\n<h3>Suggestif est l&rsquo;itin\u00e9raire qui traverse les plus beaux villages de la Romagne.<\/h3>\n<p><strong>152 km pour une dur\u00e9e de 4 heures \u00e0 travers<\/strong> : Imola, Faenza Brisighella, Modigliana, Castrocaro Terme, Predappio, Teodorano, Sogliano al Rubicone.<\/p>\n<ul>\n<li>Il commence \u00e0 Dozza, aux portes d&rsquo;Imola. Cette petite ville est appel\u00e9e le village des peintures murales parce que les vraies \u0153uvres d&rsquo;art ornent chaque coin de la ville.<\/li>\n<li>De l&rsquo;arri\u00e8re-pays d&rsquo;Imola, nous nous d\u00e9pla\u00e7ons vers Faenza, la ville de la c\u00e9ramique, puis continuons vers Brisighella et sa forteresse de Manfrediana.<\/li>\n<li>Toujours en selle nous continuons vers Modigliana, dans la province de Forl\u00ec, avec l&rsquo;ancien ch\u00e2teau et nous passons d&rsquo;abord \u00e0 Castrocaro Terme, c\u00e9l\u00e8bre pour ses eaux de bien-\u00eatre et puis vers Predappio, le village de Mussolini.<\/li>\n<li>Toujours en selle nous continuons vers Modigliana, dans la province de Forl\u00ec, avec l&rsquo;ancien Ensuite, nous continuons vers Teodorano, pr\u00e8s de Meldola, puis \u00e0 Sogliano al Rubicone, avec ses rues anciennes et sa bonne nourriture. De Sogliano nous arrivons \u00e0 San Leo, avec son imposante forteresse et les myst\u00e8res li\u00e9s \u00e0 l&rsquo;alchimiste.<\/li>\n<li>Vous \u00eates pratiquement aux portes de San Marino, pourquoi ne pas s&rsquo;arr\u00eater l\u00e0 et puis arriver, bien s\u00fbr,<strong> au camping Adria \u00e0 Riccione ? <\/strong><\/li>\n<\/ul>\n<p><strong>Nous vous attendons<\/strong><\/p>\n<div id='gallery-1' class='gallery galleryid-1589 gallery-columns-3 gallery-size-thumbnail'><figure class='gallery-item'>\n\t\t\t<div class='gallery-icon landscape'>\n\t\t\t\t<a href='https:\/\/www.campingadria.com\/fr\/galerie-photo\/gallery-02-camping-adria-riccione-2\/' data-size=\"800x500\"><img loading=\"lazy\" decoding=\"async\" width=\"300\" height=\"300\" src=\"https:\/\/www.campingadria.com\/wp-content\/uploads\/2018\/01\/Gallery-02-Camping-Adria-Riccione-300x300.jpg\" class=\"attachment-thumbnail size-thumbnail\" alt=\"\" \/><\/a>\n\t\t\t<\/div><\/figure><figure class='gallery-item'>\n\t\t\t<div class='gallery-icon landscape'>\n\t\t\t\t<a href='https:\/\/www.campingadria.com\/fr\/galerie-photo\/gallery-05-camping-adria-riccione-2\/' data-size=\"800x500\"><img loading=\"lazy\" decoding=\"async\" width=\"300\" height=\"300\" src=\"https:\/\/www.campingadria.com\/wp-content\/uploads\/2018\/01\/Gallery-05-Camping-Adria-Riccione-300x300.jpg\" class=\"attachment-thumbnail size-thumbnail\" alt=\"\" \/><\/a>\n\t\t\t<\/div><\/figure><figure class='gallery-item'>\n\t\t\t<div class='gallery-icon landscape'>\n\t\t\t\t<a href='https:\/\/www.campingadria.com\/fr\/galerie-photo\/gallery-06-camping-adria-riccione-2\/' data-size=\"800x500\"><img loading=\"lazy\" decoding=\"async\" width=\"300\" height=\"300\" src=\"https:\/\/www.campingadria.com\/wp-content\/uploads\/2018\/01\/Gallery-06-Camping-Adria-Riccione-300x300.jpg\" class=\"attachment-thumbnail size-thumbnail\" alt=\"\" \/><\/a>\n\t\t\t<\/div><\/figure>\n\t\t<\/div>\n\n<p>&nbsp;<\/p>\n<p>&nbsp;<\/p>\n","protected":false},"excerpt":{"rendered":"<p>Nous sommes \u00e0 proximit\u00e9 du Misano World circuit ! Vous entendez le rugissement des moteurs, vous \u00eates en Romagne ! En Romagne nous disons \u00ab\u00a0tla terra di mutor \u00ab\u00a0, la terre des moteurs. De nombreux champions sont n\u00e9s dans notre r\u00e9gion: Marco Simoncelli, Valentino Rossi, Capirossi, Dovizioso, Melandri, pour n&rsquo;en nommer que quelques-uns. C&rsquo;est la terre de la Ducati et le grand prix de Saint-Marin et la Riviera de Rimini. &#8230;<\/p>\n","protected":false},"author":4,"featured_media":1225,"parent":0,"menu_order":38,"comment_status":"closed","ping_status":"closed","template":"template\/template.curiosita.php","meta":{"_acf_changed":false},"class_list":["post-1589","page","type-page","status-publish","has-post-thumbnail","hentry"],"acf":[],"_links":{"self":[{"href":"https:\/\/www.campingadria.com\/fr\/wp-json\/wp\/v2\/pages\/1589","targetHints":{"allow":["GET"]}}],"collection":[{"href":"https:\/\/www.campingadria.com\/fr\/wp-json\/wp\/v2\/pages"}],"about":[{"href":"https:\/\/www.campingadria.com\/fr\/wp-json\/wp\/v2\/types\/page"}],"author":[{"embeddable":true,"href":"https:\/\/www.campingadria.com\/fr\/wp-json\/wp\/v2\/users\/4"}],"replies":[{"embeddable":true,"href":"https:\/\/www.campingadria.com\/fr\/wp-json\/wp\/v2\/comments?post=1589"}],"version-history":[{"count":0,"href":"https:\/\/www.campingadria.com\/fr\/wp-json\/wp\/v2\/pages\/1589\/revisions"}],"wp:featuredmedia":[{"embeddable":true,"href":"https:\/\/www.campingadria.com\/fr\/wp-json\/wp\/v2\/media\/1225"}],"wp:attachment":[{"href":"https:\/\/www.campingadria.com\/fr\/wp-json\/wp\/v2\/media?parent=1589"}],"curies":[{"name":"wp","href":"https:\/\/api.w.org\/{rel}","templated":true}]}}

Êtes-vous un motard ? Venez à  Riccione

<h2>Nous sommes à proximité du Misano World circuit !</h2>
<p><strong>Vous entendez le rugissement des moteurs, vous êtes en Romagne !</strong><br />
En Romagne nous disons <em>« tla terra di mutor « </em>, la terre des moteurs. De nombreux champions sont nés dans notre région: Marco Simoncelli, Valentino Rossi, Capirossi, Dovizioso, Melandri, pour n&rsquo;en nommer que quelques-uns. C&rsquo;est la terre de la <strong>Ducati et le grand prix de Saint-Marin et la Riviera de Rimini</strong>.<br />
Si vous aimez rouler en moto et que vous aimez la course à haute vitesse, sachez que <strong>nous sommes à quelques kilomètres du Misano World Circuit</strong> en mémoire à Marco Simoncelli, où Moto GP, Superbike, Ducati Rally et Super Track, sont quelques-unes des raisons de choisir de venir à Riccione. Oui, car en plus des nombreux évènements du circuit de Misano, à moto, et pas loin de Riccione vous pourrez découvrir des endroits fascinants.</p>
<h3>Suggestif est l&rsquo;itinéraire qui traverse les plus beaux villages de la Romagne.</h3>
<p><strong>152 km pour une durée de 4 heures à travers</strong> : Imola, Faenza Brisighella, Modigliana, Castrocaro Terme, Predappio, Teodorano, Sogliano al Rubicone.</p>
<ul>
<li>Il commence à Dozza, aux portes d&rsquo;Imola. Cette petite ville est appelée le village des peintures murales parce que les vraies œuvres d&rsquo;art ornent chaque coin de la ville.</li>
<li>De l&rsquo;arrière-pays d&rsquo;Imola, nous nous déplaçons vers Faenza, la ville de la céramique, puis continuons vers Brisighella et sa forteresse de Manfrediana.</li>
<li>Toujours en selle nous continuons vers Modigliana, dans la province de Forlì, avec l&rsquo;ancien château et nous passons d&rsquo;abord à Castrocaro Terme, célèbre pour ses eaux de bien-être et puis vers Predappio, le village de Mussolini.</li>
<li>Toujours en selle nous continuons vers Modigliana, dans la province de Forlì, avec l&rsquo;ancien Ensuite, nous continuons vers Teodorano, près de Meldola, puis à Sogliano al Rubicone, avec ses rues anciennes et sa bonne nourriture. De Sogliano nous arrivons à San Leo, avec son imposante forteresse et les mystères liés à l&rsquo;alchimiste.</li>
<li>Vous êtes pratiquement aux portes de San Marino, pourquoi ne pas s&rsquo;arrêter là et puis arriver, bien sûr,<strong> au camping Adria à Riccione ? </strong></li>
</ul>
<p><strong>Nous vous attendons</strong></p>
<div id='gallery-1' class='gallery galleryid-1589 gallery-columns-3 gallery-size-thumbnail'><figure class='gallery-item'>
			<div class='gallery-icon landscape'>
				<a href='https://www.campingadria.com/fr/galerie-photo/gallery-02-camping-adria-riccione-2/' data-size="800x500"><img loading="lazy" decoding="async" width="300" height="300" src="https://www.campingadria.com/wp-content/uploads/2018/01/Gallery-02-Camping-Adria-Riccione-300x300.jpg" class="attachment-thumbnail size-thumbnail" alt="" /></a>
			</div></figure><figure class='gallery-item'>
			<div class='gallery-icon landscape'>
				<a href='https://www.campingadria.com/fr/galerie-photo/gallery-05-camping-adria-riccione-2/' data-size="800x500"><img loading="lazy" decoding="async" width="300" height="300" src="https://www.campingadria.com/wp-content/uploads/2018/01/Gallery-05-Camping-Adria-Riccione-300x300.jpg" class="attachment-thumbnail size-thumbnail" alt="" /></a>
			</div></figure><figure class='gallery-item'>
			<div class='gallery-icon landscape'>
				<a href='https://www.campingadria.com/fr/galerie-photo/gallery-06-camping-adria-riccione-2/' data-size="800x500"><img loading="lazy" decoding="async" width="300" height="300" src="https://www.campingadria.com/wp-content/uploads/2018/01/Gallery-06-Camping-Adria-Riccione-300x300.jpg" class="attachment-thumbnail size-thumbnail" alt="" /></a>
			</div></figure>
		</div>

<p>&nbsp;</p>
<p>&nbsp;</p>

<p>Nous sommes à proximité du Misano World circuit ! Vous entendez le rugissement des moteurs, vous êtes en Romagne ! En Romagne nous disons « tla terra di mutor « , la terre des moteurs. De nombreux champions sont nés dans notre région: Marco Simoncelli, Valentino Rossi, Capirossi, Dovizioso, Melandri, pour n&rsquo;en nommer que quelques-uns. C&rsquo;est la terre de la Ducati et le grand prix de Saint-Marin et la Riviera de Rimini. &#8230;</p>
